f w?
6
Let q be 3 - 3 - (2 + -7). Suppose -11 = -2*d + 3*r, 2*d + q*r - 1 = 2. Let j = d + 27. What is the units digit of j?
1
Let a(p) = -2*p**3 + 17*p**2 + 12*p + 5. Let x(u) = u**2 + 43*u - 232. Let v be x(5). What is the units digit of a(v)?
5
What is the units digit of (9 - 9/(162/153))*13*1118?
7
Let r(p) = 0 - 2 + 0 + 5*p. Suppose 4*y = -5*h + y + 56, -46 = -4*h - 3*y. What is the units digit of r(h)?
8
Suppose -6*t + 2*t + 40 = 0. Let o(j) = j**3 - 10*j**2 + 8*j - 8. Let q be o(t). Suppose n - 41 = q. What is the units digit of n?
3
Let t = 193 + -105. Suppose -t = 7*u - 3525. What is the tens digit of u?
9
Let x(n) = n**2 - 17*n + 21. Suppose 8 = 2*i - 4. Suppose i*f - 68 = 40. What is the units digit of x(f)?
9
Let g be (-7)/4 + (-189)/(-12). Suppose 4*l = -4*v + 3600, -2*v - g = -4. What is the units digit of l?
5
Suppose -409*z + 418*z - 29520 = 0. What is the thousands digit of z?
3
Let x be 3863/3 + 2/6. Suppose -2*i = -4*j - 24, 5*j = -2*i - 24 + 3. Suppose -9*d = -i*d - x. What is the hundreds digit of d?
1
What is the tens digit of (-26)/((-2)/(-9) + (-96)/108)?
3
What is the hundreds digit of (-1 + 38985)*(-4)/(-8)?
4
Let g = -985 - -989. Suppose g*b + 5*k - 7970 = 0, 4*b = 26*k - 21*k + 7990. What is the thousands digit of b?
1
Let h be (6/(-9))/(2/(-6)). What is the units digit of (-11580)/(-75)*(14/h + -2)?
2
Let i(x) = -42*x + 69. Suppose 5*b - 55 = 3*m, 4*m + m + 83 = 4*b. What is the units digit of i(m)?
9
Suppose 9*a - 228014 = -85796. What is the tens digit of a?
0
Suppose 13*l = 11*l - 2, -263 = -5*d + 3*l. What is the units digit of d + -45 + (320 - -1)?
8
Let r = 1613 - -10502. What is the units digit of r?
5
Let n = 87 + -56. Suppose n*l = 32*l - 1554. Suppose -6*w + l = 498. What is the hundreds digit of w?
1
Suppose -6 = -30*r + 31*r. Let j be ((-15)/r)/(5/4). What is the units digit of (23 - (-4 - -2) - -2) + j?
9
Let s = -88283 + 147731. What is the hundreds digit of s?
4
Suppose 0 = 3*w, -x + 2*x = 2*w + 2333. Suppose 5*q = -64*k + 68*k + x, 4*k - 1888 = -4*q. What is the units digit of q?
9
Let y(l) = l**2 - l - 11. Let v be y(4). Suppose -t + 150 = -2*b, -v = -b + 2. What is the hundreds digit of t?
1
Let q = 15 - 1. Let g(j) = 11*j**2 + 30*j + 20. Let o(b) = -3*b**2 - 4*b - 1. Let c(x) = g(x) + 4*o(x). What is the units digit of c(q)?
6
What is the units digit of -4*27/72 - (43179/(-2) + 0)?
8
Suppose -2*c + 2321 = 4*r - 1003, 822 = r + 5*c. What is the hundreds digit of r?
8
Suppose -y = -2*x - 2, 0 = 5*y - 5*x + 3 + 7. Let a(l) = 17*l**2 + 18*l - 14. What is the units digit of a(y)?
0
Let j be 0*(-4 - -3)*-1. Suppose j*x - 2 = -x. Suppose -380 = x*r - 7*r. What is the units digit of r?
6
Let d = 14 + -8. Let n = -271 + 572. Suppose 0 = -d*l - l + n. What is the tens digit of l?
4
Let y(c) = 254*c + 383. Let n be y(22). Suppose 7*j - n - 4970 = 0. What is the units digit of j?
3
Let c = -33 - -36. Suppose c + 6 = 3*o. Suppose -o*z + 424 - 112 = 0. What is the units digit of z?
4
Let o = -126 - -256. Suppose 5*t = 4*q - 396, -t - 178 - o = -3*q. What is the tens digit of q?
0
Let d(i) = 10*i**2 + 104*i - 1232. What is the ten thousands digit of d(-69)?
3
Suppose -q = -2*i - 0 + 110, -5*i + 276 = -2*q. Let d = i + -51. Suppose 0*s + 803 = 4*c + 3*s, -4*c + 763 = -d*s. What is the units digit of c?
7
Let c(i) = 11*i**2 - i + 9. Let g(k) = k**2 - 9*k - 4. Let v be g(12). Let z = v - 29. What is the units digit of c(z)?
5
Suppose -b + 350 = 3*o, -5*o + 3*b + 507 + 53 = 0. Suppose o = v + 3*d, -5*v - 5*d + 671 = 106. What is the hundreds digit of v?
1
Let v = 10094 + 113. What is the tens digit of v?
0
Let x be (-1)/(-1) + -3 + 0. Let o(p) = 0 - 20*p + 1 - 2 - 5. What is the units digit of o(x)?
4
Let q(j) = 81*j - 7868. What is the thousands digit of q(164)?
5
Let k be 1/2*(-8 - -686)*1. What is the units digit of 0 - k/(-4) - (-1)/4?
5
Let m(q) = 17*q - 62*q + 9*q - 7 - 37*q. What is the hundreds digit of m(-2)?
1
Suppose -2*q + 5*s + 5553 = 0, 5*q = s + 15573 - 1725. What is the units digit of q?
9
Suppose 5*n + 2*r - 11 = 0, 4*n - 26 + 4 = 5*r. Suppose -4*p - 4*d + 4 = 0, 3*p + n = -5*d - 0. Suppose -p*x + 104 = -2*x. What is the tens digit of x?
5
Let n(y) = 53*y + 39. Suppose 6*g - 77 = 31. What is the hundreds digit of n(g)?
9
Suppose 5*t = 3*y + 348, -42*y = t - 47*y - 52. Suppose -3*x = -2*x + a - t, -4*x + 298 = -a. What is the tens digit of x?
7
Let g(u) = 14 + 4*u**2 - 11*u - 7 - 8 + u**3. Let o be ((-232)/(-24) + -10)*15. What is the units digit of g(o)?
9
Suppose -14*v = -9962 + 3144. Let i = v - -333. What is the tens digit of i?
2
Let w(r) = -r**3 - 8*r**2 + 15*r - 41. Let o be w(-10). Let d(y) = 3*y**3 - 5*y**2 - 50*y - 14. What is the units digit of d(o)?
8
Let r(q) = 979*q**2 + 35*q - 101. What is the hundreds digit of r(3)?
8
Suppose 123 = -15*z + 48. Let w be z/((-25)/955)*-1. Let v = w - -362. What is the units digit of v?
1
Suppose 52 = -6*b + 70. Suppose 2*f - 36 = -b*a - 1, -2*a - 4*f + 26 = 0. What is the tens digit of a?
1
Let r(t) = 19*t**3 - 9*t**2 - t - 1. Let y be 4 + (16/20 - 12/15). What is the tens digit of r(y)?
6
Suppose -116040 = -48*o + 1155720. What is the units digit of o?
5
Let h(p) = 41*p**2 + 79*p - 150. What is the hundreds digit of h(13)?
8
Suppose -13*m = -78 - 234. Suppose -28*l + m*l = -784. What is the units digit of l?
6
Let z(g) = g**2 + 33*g - 9. Let f be z(-18). Let l = -84 - f. What is the hundreds digit of l?
1
Let z = 3366 - 801. Suppose -4*j + 3*p + 1631 = 0, 0 = 5*j + 3*p + 560 - z. What is the units digit of j?
4
Let p = 6 + -10. Let s(q) = 4*q**3 - 17*q**2 + 4*q - 1. Let o be s(4). What is the hundreds digit of (-4 - (o + p))*(221 - -2)?
2
Let d(m) = 9*m**3 + 10*m**2 - 9*m + 8. Let k be d(6). Suppose 0 = -14*t + 15152 - k. What is the tens digit of t?
2
Let w(b) be the third derivative of b**5/10 + b**4/8 - b**3/3 + b**2. Let u be w(2). Suppose -z + u = 9. What is the tens digit of z?
1
Let i(x) = 7*x**2 + 9*x + 23. Let j = 74 + -67. Let r(a) = 8*a**2 + 8*a + 23. Let q(c) = j*i(c) - 6*r(c). What is the units digit of q(-18)?
7
Let y = 18045 - 5491. What is the hundreds digit of y?
5
Let n(q) = 28*q**2 + 132*q + 1955. What is the units digit of n(-16)?
1
Let h(v) = -v**2 + 0*v**2 - 7*v + 105 - 4*v**2 + 2*v**2 + 4*v**2. What is the tens digit of h(-15)?
3
Let i = 14 + 7. Suppose 0 = j + i + 5. Let d = 173 + j. What is the hundreds digit of d?
1
Let c(z) = 45*z**2 - 2018*z - 23. What is the ten thousands digit of c(53)?
1
Let u(i) = -35*i + 5*i**2 - i**2 + 20*i + 13*i - i**3 + 8. Let h(l) = 2*l**3 - 5*l**2 + 3*l - 9. Let b(q) = 5*h(q) + 6*u(q). What is the tens digit of b(3)?
1
Let u = 168 - 164. Let q(p) = 10*p**3 - 5*p**2 - p - 9. What is the units digit of q(u)?
7
Suppose 0 = w + 3*z + 3 - 8, 3*w + 29 = 2*z. Let b be (-28)/w - (16 + -1). Let t(v) = v + 36. What is the units digit of t(b)?
5
Suppose 2*x - 844 = 3056. Suppose 0*j = 4*j + 3*s - 1541, -5*j + s = -x. What is the hundreds digit of j?
3
Suppose 3*r - 268 = -5*f, 2*f - 4*r = f + 49. Let s = -32 + f. Let x(b) = -b**2 + 22*b + 17. What is the tens digit of x(s)?
3
Let s(k) = 2*k**2 - k + 3. Let a be s(0). Suppose 0 = -a*c + 1072 + 221. What is the units digit of c?
1
Let j(c) = c**3 - 10*c**2 - 30*c + 74. Let u be j(12). Suppose -3*b + 3*p = -120 - 474, u*b + 2*p - 376 = 0. What is the hundreds digit of b?
1
Let w = 239562 - 160051. What is the tens digit of w?
1
Suppose -4*j + z + 15448 = 0, 3*z = -2*z + 20. What is the tens digit of j?
6
Let o be 1063 + (-1 - -2) + 4. Suppose 0*t + 4*t - 4*f - o = 0, -8 = -4*f. What is the tens digit of t?
6
Let q = 32 + -25. Suppose -q*v = -5*v - 8. Suppose -4*g - g = v*l - 94, -4*g + 4*l + 104 = 0. What is the units digit of g?
2
Let f = -583 - -1821. Suppose -2*z - 2*s + 500 = 0, f = 8*z - 3*z + 2*s. What is the units digit of z?
6
Suppose 2*n - 7*n - 5*y + 2360 = 0, 0 = 5*y - 10. Let b = n - 332. Let s = b + 13. What is the tens digit of s?
5
Let q(w) = 4*w**2 - 5*w - 6. Let o(d) = 5*d**2 - 5*d - 7. Let p be -1*(-12)/(-10)*60/24. Let a(j) = p*q(j) + 4*o(j). What is the hundreds digit of a(-4)?
1
Let i(b) = 27*b**2 + 24*b + 93. What is the thousands digit of i(-9)?
2
Let f(g) = 2*g - 24. Let r be f(6). Let d be (-3 + 0 - -46)/((-6)/r). Let w = 87 - d. 